 be d(h). Calculate the highest common divisor of 24 and a.
12
Let l be (2 + (-5)/2)*12. Let a = 0 - l. Let z = 6 + a. Calculate the greatest common divisor of z and 6.
6
Let c(k) = -5*k**3 - 6*k**2 - 4*k + 2. Let i be c(-4). Calculate the highest common divisor of 22 and i.
22
Suppose -2*t = -0*t + z + 1, 1 = -5*t - z. Let o = t + 11. What is the greatest common factor of o and 44?
11
Let z(b) = b**3 - b**2 - b + 2. Let c be z(0). Suppose 0 = 5*r - 2*o - c, 6*o = -4*r + 2*o + 24. What is the highest common factor of r and 10?
2
Suppose -10*h + 42 = -8*h. What is the highest common factor of h and 189?
21
Let l(k) = 5*k - 10. Let m be l(6). Calculate the greatest common factor of m and 8.
4
Let g be (0 + 44)/((-2)/(-5)). Let u(r) = -5*r - 15. Let p be u(-7). Suppose 6*z - 40 = p. Calculate the greatest common divisor of z and g.
10
Let k = 19 + -4. Suppose -5*g - 2*o = -k + 4, 9 = 5*g + 3*o. What is the highest common divisor of g and 12?
3
Let s(q) = 23*q**2 - 7*q - 5. Let z be s(-4). Let j = -76 + z. What is the highest common divisor of j and 35?
35
Let z = 23 - 1. Suppose z + 38 = 5*s. What is the highest common factor of 12 and s?
12
Let q(r) be the first derivative of r**4/4 + 10*r**3/3 + 7*r**2/2 - 8*r + 4. Let k be q(-9). Calculate the highest common divisor of 40 and k.
10
Suppose -98 = -4*g - 5*n + 127, -5*g - 5*n = -275. Calculate the greatest common divisor of g and 20.
10
Let s be ((-3)/(-4))/(2/8). Let l be 2/6 + (-97)/s. Let c = l - -80. Calculate the greatest common factor of 6 and c.
6
Let a = 2 - -5. Let z = 33 - a. What is the highest common factor of z and 182?
26
Suppose 4*b + 0 - 32 = 0. What is the greatest common factor of 1 and b?
1
Let f = 20 + -8. What is the greatest common factor of 8 and f?
4
Let z be (-11)/(-3) - 1/(-3). Let l be 18/(((-3)/z)/(-3)). Suppose 7*d - 79 = -16. Calculate the highest common factor of d and l.
9
Suppose 3*c - 39 + 0 = 0. Suppose -2*i + 74 = 4*q - 72, -q = -4. Calculate the highest common factor of c and i.
13
Suppose 3*u + 33 = 201. What is the greatest common divisor of u and 8?
8
Let o = -28 + 48. Let d(s) = 6*s. Let g be d(1). Let n(f) = f**2 - 3*f + 2. Let h be n(g). What is the greatest common divisor of o and h?
20
Suppose 9*o - 2372 = -356. What is the greatest common divisor of o and 32?
32
Let q(k) = -102*k - 2. Let x be q(-1). Let d(t) = t**3 - t**2 - 2*t - 2. Let s be d(3). What is the greatest common divisor of s and x?
10
Suppose -70 = -5*j - 15. Let v = -49 - -148. Calculate the highest common divisor of j and v.
11
Let p be 18 - 0 - (13 - 11). What is the highest common factor of 24 and p?
8
Suppose -25 = -3*p + 5. Suppose 5*m + p = 4*l + 66, -11 = -m + l. Calculate the highest common divisor of 84 and m.
12
Let c be 2*(-2 + (-18)/(-4)). Suppose 3 + 2 = w. Suppose s = 0, -w*h = -0*h + s - 10. Calculate the highest common factor of h and c.
1
Suppose n = 3*v - 409, -2*n = 2*n + 16. Calculate the highest common divisor of v and 54.
27
Suppose -3*t = 0, -5*f = -3*t - 555 + 155. Suppose 4*z - 122 = -2*x, -2*z + x + 163 = 3*z. Calculate the greatest common divisor of z and f.
16
Let n(m) = 6*m**2 - m - 1. Let t be n(-1). Let d be 12/21*105/t. Calculate the highest common divisor of 50 and d.
10
Suppose 95 = 3*k - 3*l + 17, -3*k + 4*l = -82. What is the greatest common divisor of k and 176?
22
Let f(b) = 2*b**2 - b + 1. Let j be f(1). Suppose -4 = 2*k - 4*k. Calculate the greatest common divisor of k and j.
2
Let q be (-2)/((-12)/429)*2. Calculate the highest common divisor of 13 and q.
13
Let i(x) = -x**2 - x. Let r be i(0). Suppose -v + 3 = -r. Let d be ((-4)/(8/30))/(-1). What is the greatest common divisor of v and d?
3
Suppose 3*l + 30 = 8*l. Let j be ((-40)/l)/((-6)/18). Calculate the greatest common factor of 160 and j.
20
Let u = 70 - 48. What is the highest common divisor of u and 55?
11
Let w be 0 - 0 - (8 + -39). Suppose 329 = 5*z - w. Calculate the highest common factor of z and 18.
18
Let d = 6 - 1. Suppose 5*q - d*g + 0*g - 115 = 0, 5*g + 75 = 3*q. What is the greatest common factor of 80 and q?
20
Suppose l = -d - 0*l + 114, -l = 3*d - 336. Calculate the highest common divisor of d and 37.
37
Suppose -3*v = 4*k + v + 4, 0 = -k + v - 1. Let a be (-1)/(((-2)/(-20))/k). What is the highest common divisor of 40 and a?
10
Let a(u) = 41*u**2 + 4*u - 1. Let m be a(-1). Calculate the greatest common factor of m and 4.
4
Suppose s = 8 - 4. Suppose -5*n + 112 = s*c - 318, 86 = n - 4*c. Let z = n + -36. Calculate the greatest common divisor of 10 and z.
10
Let k be 20*2/((-16)/(-6)). Let a be (-7602)/(-56) + 9/(-24)*2. What is the highest common divisor of k and a?
15
Suppose -3*d + 3*j - 24 + 96 = 0, -d = j - 28. What is the greatest common divisor of 39 and d?
13
Let g = -1 + 39. Let o be g/5 + (-2)/(-5). Let s(i) = -12*i**3 - i**2 - i. Let t be s(-1). Calculate the greatest common factor of o and t.
4
Let h = 71 - 53. What is the greatest common factor of h and 18?
18
Let z = 0 - -3. Let j be (5 + -51)*(1 - z). What is the highest common factor of 23 and j?
23
Let z(u) = -u**3 - 12*u**2 + 22*u + 21. Let g be z(-14). What is the highest common factor of 42 and g?
21
Suppose 5*m - 352 + 127 = 0. Calculate the greatest common factor of 135 and m.
45
Let l(y) = y**3 - 2*y**2 + y + 2. Let f be l(2). Suppose -f*c + 8 = -k + 4*k, -k = -c - 5. What is the greatest common factor of 44 and k?
4
Suppose 5*w = -2*m + 64, -2*w = -0*m + 3*m - 19. Let a = w + -8. Let v be -1 + -12*(-4)/a. What is the highest common factor of v and 35?
7
Let w be (26/4)/(1/2). Let r = -47 - -190. What is the greatest common factor of w and r?
13
Let l be 18/(-24)*(0 - 12). Let y(m) = -m**3 - 2*m**2 - 3. Let p be y(-3). Calculate the greatest common divisor of p and l.
3
Let q(p) be the third derivative of p**4/8 - 2*p**3/3 + 5*p**2. Let u be q(11). What is the greatest common factor of 29 and u?
29
Let j(v) = v + 8. Let y be j(-6). Suppose 15 = 3*u + y*u. What is the highest common divisor of 27 and u?
3
Let p(m) = -4*m**2 + 56*m + 3. Let b be p(13). What is the greatest common factor of 5 and b?
5
Let w(z) = 6*z + 9. Let j be w(4). What is the greatest common divisor of 11 and j?
11
Suppose -5*o + 2*s + 88 = 0, 3*s = -3 + 6. Let a = -5 - -17. What is the greatest common divisor of o and a?
6
Let u = -8 - -14. What is the greatest common factor of u and 54?
6
Suppose -4*m + 33 = -5*n, 3*m + 5 - 36 = 5*n. Suppose 7 - m = h. Calculate the highest common divisor of 5 and h.
5
Let g(d) = -d + 12. Let t be g(6). Let f(c) = 4*c - 3. Let b be f(t). What is the greatest common divisor of b and 84?
21
Suppose -4*r + 9*r = 110. Suppose 4 = -2*m + 24. Suppose -27 = -c + 5*l, 2*c + 6 + m = -4*l. Calculate the greatest common factor of c and r.
2
Suppose -3*w + 310 = w - 3*a, 3*a = 2*w - 158. Calculate the highest common factor of 19 and w.
19
Let g(c) = 3*c**3 - 2*c**2 + 3*c - 2. Suppose 11*q = 9*q + 4. Let r be g(q). Calculate the highest common divisor of 220 and r.
20
Suppose 48 = a + 5*a. What is the greatest common factor of a and 40?
8
Let c = -1053 - -697. Let q be (-8)/(-12) - c/6. Calculate the greatest common factor of q and 20.
20
Suppose -70 = -0*a - 2*a. Suppose 3*d - 24 = d + c, -2*c = -5*d + 58. Suppose -2*t + d = -18. What is the greatest common factor of a and t?
7
Let k = 120 - -1. Let v be 4/6 + 62/6. What is the greatest common factor of v and k?
11
Let s be (-84)/(-28) - 28/(-2). Calculate the greatest common divisor of s and 34.
17
Let h(k) = -52*k**2 + 4. Let l(b) = 35*b**2 - 3. Let z(r) = -5*h(r) - 7*l(r). Let v be z(1). Calculate the greatest common factor of 8 and v.
8
Suppose -7*a + 41 = 6. Calculate the greatest common factor of a and 20.
5
Let h be (-18)/(-4) + (-3)/(-6). Suppose -2*m - 2*m = -8. What is the greatest common divisor of m and h?
1
Let x be -7*1*(5 - 8). Suppose -4*s + 31 + x = g, -2*s = 2*g - 98. What is the highest common factor of g and 6?
6
Suppose n + 4 = -0*n - 5*w, 4*w + 7 = 3*n. Let r be 1 - 16/(n - -1). Let f be (-4)/4*r*1. Calculate the highest common divisor of f and 14.
7
Let z(g) = g**3 - 2*g**2 + 4*g - 2. Let q be z(2). Calculate the highest common factor of q and 30.
6
Let l = 113 - 53. Let c(j) = 2*j + 3. Let a be c(-2). Let s be 14 + (a + 0)*2. What i